{"id":3383,"date":"2025-07-14T04:10:16","date_gmt":"2025-07-14T04:10:16","guid":{"rendered":"https:\/\/www.umraniyeminibus.com\/?page_id=3383"},"modified":"2025-07-14T04:10:23","modified_gmt":"2025-07-14T04:10:23","slug":"karabekir-cakmak-soyak-yenisehir-minibus-hatti-saatleri","status":"publish","type":"page","link":"https:\/\/www.umraniyeminibus.com\/?page_id=3383","title":{"rendered":"Karabekir, \u00c7akmak, Soyak Yeni\u015fehir Minib\u00fcs Hatt\u0131 Saatleri"},"content":{"rendered":"\n<style>\n  .glass-container {\n    overflow-x: auto;\n    padding: 20px;\n  }\n  .glass-table {\n    width: 100%;\n    max-width: 1000px;\n    margin: auto;\n    border-collapse: collapse;\n    backdrop-filter: blur(10px);\n    background: rgba(255, 255, 255, 0.6);\n    border: 1px solid rgba(0, 0, 0, 0.1);\n    box-shadow: 0 8px 32px 0 rgba(0,0,0,0.2);\n    color: #333;\n    font-family: 'Segoe UI', sans-serif;\n    border-radius: 12px;\n    overflow: hidden;\n  }\n  .glass-table th, .glass-table td {\n    padding: 12px 18px;\n    text-align: center;\n    border: 1px solid rgba(0, 0, 0, 0.1);\n    transition: background 0.3s, color 0.3s;\n  }\n  .glass-table thead {\n    background: linear-gradient(135deg, rgba(255,255,255,0.3), rgba(255,255,255,0.1));\n    font-weight: bold;\n    color: #222;\n  }\n  .glass-table tbody tr:hover {\n    background: rgba(255, 238, 0, 0.2);\n    color: #000;\n    font-weight: bold;\n    cursor: pointer;\n  }\n  h3.route-title {\n    text-align: center;\n    color: #333;\n    margin-top: 40px;\n    text-shadow: 0 0 1px #aaa;\n  }\n<\/style>\n\n<div class=\"glass-container\">\n  <h3 class=\"route-title\">\ud83d\udccd C74 K. Karabekir \u2013 \u00c7akmak \u2013 Soyak Yeni\u015fehir (Cumartesi Listesi)<\/h3>\n  <table class=\"glass-table\">\n    <thead>\n      <tr><th>1<\/th><th>2<\/th><th>3<\/th><th>4<\/th><th>5<\/th><th>6<\/th><th>7<\/th><th>8<\/th><th>9<\/th><\/tr>\n    <\/thead>\n    <tbody>\n      <tr><td>05:40<\/td><td>07:40<\/td><td>09:18<\/td><td>11:12<\/td><td>13:06<\/td><td>15:06<\/td><td>16:54<\/td><td>18:48<\/td><td>20:42<\/td><\/tr>\n      <tr><td>05:50<\/td><td>07:45<\/td><td>09:24<\/td><td>11:18<\/td><td>13:12<\/td><td>15:12<\/td><td>17:00<\/td><td>18:54<\/td><td>20:48<\/td><\/tr>\n      <tr><td>06:00<\/td><td>07:50<\/td><td>09:30<\/td><td>11:24<\/td><td>13:18<\/td><td>15:18<\/td><td>17:06<\/td><td>19:00<\/td><td>20:54<\/td><\/tr>\n      <tr><td>06:10<\/td><td>07:55<\/td><td>09:36<\/td><td>11:30<\/td><td>13:24<\/td><td>15:24<\/td><td>17:12<\/td><td>19:06<\/td><td>21:00<\/td><\/tr>\n      <tr><td>06:20<\/td><td>08:00<\/td><td>09:42<\/td><td>11:36<\/td><td>13:30<\/td><td>15:24<\/td><td>17:18<\/td><td>19:12<\/td><td><\/td><\/tr>\n      <tr><td>06:30<\/td><td>08:05<\/td><td>09:48<\/td><td>11:42<\/td><td>13:36<\/td><td>15:30<\/td><td>17:24<\/td><td>19:18<\/td><td><\/td><\/tr>\n      <tr><td>06:35<\/td><td>08:10<\/td><td>09:54<\/td><td>11:48<\/td><td>13:42<\/td><td>15:36<\/td><td>17:30<\/td><td>19:24<\/td><td><\/td><\/tr>\n      <tr><td>06:40<\/td><td>08:15<\/td><td>10:00<\/td><td>11:54<\/td><td>13:48<\/td><td>15:42<\/td><td>17:36<\/td><td>19:30<\/td><td><\/td><\/tr>\n      <tr><td>06:45<\/td><td>08:20<\/td><td>10:06<\/td><td>12:00<\/td><td>13:54<\/td><td>15:48<\/td><td>17:42<\/td><td>19:36<\/td><td><\/td><\/tr>\n      <tr><td>06:50<\/td><td>08:25<\/td><td>10:12<\/td><td>12:06<\/td><td>14:00<\/td><td>15:54<\/td><td>17:48<\/td><td>19:42<\/td><td><\/td><\/tr>\n      <tr><td>06:55<\/td><td>08:30<\/td><td>10:18<\/td><td>12:12<\/td><td>14:06<\/td><td>16:00<\/td><td>17:54<\/td><td>19:48<\/td><td><\/td><\/tr>\n      <tr><td>07:00<\/td><td>08:35<\/td><td>10:24<\/td><td>12:18<\/td><td>14:12<\/td><td>16:06<\/td><td>18:00<\/td><td>19:54<\/td><td><\/td><\/tr>\n      <tr><td>07:05<\/td><td>08:40<\/td><td>10:30<\/td><td>12:24<\/td><td>14:18<\/td><td>16:12<\/td><td>18:06<\/td><td>20:00<\/td><td><\/td><\/tr>\n      <tr><td>07:10<\/td><td>08:45<\/td><td>10:36<\/td><td>12:30<\/td><td>14:24<\/td><td>16:18<\/td><td>18:12<\/td><td>20:06<\/td><td><\/td><\/tr>\n      <tr><td>07:15<\/td><td>08:50<\/td><td>10:42<\/td><td>12:36<\/td><td>14:30<\/td><td>16:24<\/td><td>18:18<\/td><td>20:12<\/td><td><\/td><\/tr>\n      <tr><td>07:20<\/td><td>08:55<\/td><td>10:48<\/td><td>12:42<\/td><td>14:36<\/td><td>16:30<\/td><td>18:24<\/td><td>20:18<\/td><td><\/td><\/tr>\n      <tr><td>07:25<\/td><td>09:00<\/td><td>10:54<\/td><td>12:48<\/td><td>14:42<\/td><td>16:36<\/td><td>18:30<\/td><td>20:24<\/td><td><\/td><\/tr>\n      <tr><td>07:30<\/td><td>09:06<\/td><td>11:00<\/td><td>12:54<\/td><td>14:48<\/td><td>16:42<\/td><td>18:36<\/td><td>20:30<\/td><td><\/td><\/tr>\n      <tr><td>07:35<\/td><td>09:12<\/td><td>11:06<\/td><td>13:00<\/td><td>14:54<\/td><td>16:48<\/td><td>18:42<\/td><td>20:36<\/td><td><\/td><\/tr>\n    <\/tbody>\n  <\/table>\n<\/div>\n\n\n\n<style>\n.glass-table {\n    width: 100%;\n    border-collapse: collapse;\n    font-family: 'Segoe UI', sans-serif;\n    backdrop-filter: blur(8px);\n    background: rgba(255, 255, 255, 0.6);\n    border-radius: 12px;\n    overflow: hidden;\n    box-shadow: 0 8px 32px rgba(0,0,0,0.2);\n}\n.glass-table th, .glass-table td {\n    border: 1px solid rgba(0, 0, 0, 0.1);\n    padding: 8px 12px;\n    text-align: center;\n    transition: all 0.3s ease;\n}\n.glass-table thead {\n    background: rgba(255,255,255,0.4);\n    font-weight: bold;\n}\n.glass-table tbody tr:hover {\n    background-color: rgba(255, 238, 0, 0.2);\n    font-weight: bold;\n    color: #000;\n}\n<\/style>\n\n<table class=\"glass-table\">\n<thead>\n<tr>\n<th>#<\/th><th>06:00<\/th><th>08:06<\/th><th>10:00<\/th><th>11:54<\/th><th>13:48<\/th><th>15:42<\/th><th>17:36<\/th><th>19:30<\/th>\n<\/tr>\n<\/thead>\n<tbody>\n<tr><td>2<\/td><td>06:10<\/td><td>08:12<\/td><td>10:06<\/td><td>12:00<\/td><td>13:54<\/td><td>15:48<\/td><td>17:42<\/td><td>19:36<\/td><\/tr>\n<tr><td>3<\/td><td>06:20<\/td><td>08:18<\/td><td>10:12<\/td><td>12:06<\/td><td>14:00<\/td><td>15:54<\/td><td>17:48<\/td><td>19:42<\/td><\/tr>\n<tr><td>4<\/td><td>06:30<\/td><td>08:24<\/td><td>10:18<\/td><td>12:12<\/td><td>14:06<\/td><td>16:00<\/td><td>17:54<\/td><td>19:48<\/td><\/tr>\n<tr><td>5<\/td><td>06:36<\/td><td>08:30<\/td><td>10:24<\/td><td>12:18<\/td><td>14:12<\/td><td>16:06<\/td><td>18:00<\/td><td>19:54<\/td><\/tr>\n<tr><td>6<\/td><td>06:42<\/td><td>08:36<\/td><td>10:30<\/td><td>12:24<\/td><td>14:18<\/td><td>16:12<\/td><td>18:06<\/td><td>20:00<\/td><\/tr>\n<tr><td>7<\/td><td>06:48<\/td><td>08:42<\/td><td>10:36<\/td><td>12:30<\/td><td>14:24<\/td><td>16:18<\/td><td>18:12<\/td><td>20:06<\/td><\/tr>\n<tr><td>8<\/td><td>06:54<\/td><td>08:48<\/td><td>10:42<\/td><td>12:36<\/td><td>14:30<\/td><td>16:24<\/td><td>18:18<\/td><td>20:12<\/td><\/tr>\n<tr><td>9<\/td><td>07:00<\/td><td>08:54<\/td><td>10:48<\/td><td>12:42<\/td><td>14:36<\/td><td>16:30<\/td><td>18:24<\/td><td>20:18<\/td><\/tr>\n<tr><td>10<\/td><td>07:06<\/td><td>09:00<\/td><td>10:54<\/td><td>12:48<\/td><td>14:42<\/td><td>16:36<\/td><td>18:30<\/td><td>20:24<\/td><\/tr>\n<tr><td>11<\/td><td>07:12<\/td><td>09:06<\/td><td>11:00<\/td><td>12:54<\/td><td>14:48<\/td><td>16:42<\/td><td>18:36<\/td><td>20:30<\/td><\/tr>\n<tr><td>12<\/td><td>07:18<\/td><td>09:12<\/td><td>11:06<\/td><td>13:00<\/td><td>14:54<\/td><td>16:48<\/td><td>18:42<\/td><td>20:36<\/td><\/tr>\n<tr><td>13<\/td><td>07:24<\/td><td>09:18<\/td><td>11:12<\/td><td>13:06<\/td><td>15:00<\/td><td>16:54<\/td><td>18:48<\/td><td>20:42<\/td><\/tr>\n<tr><td>14<\/td><td>07:30<\/td><td>09:24<\/td><td>11:18<\/td><td>13:12<\/td><td>15:06<\/td><td>17:00<\/td><td>18:54<\/td><td>20:48<\/td><\/tr>\n<tr><td>15<\/td><td>07:36<\/td><td>09:30<\/td><td>11:24<\/td><td>13:18<\/td><td>15:12<\/td><td>17:06<\/td><td>19:00<\/td><td>20:54<\/td><\/tr>\n<tr><td>16<\/td><td>07:42<\/td><td>09:36<\/td><td>11:30<\/td><td>13:24<\/td><td>15:18<\/td><td>17:12<\/td><td>19:06<\/td><td>21:00<\/td><\/tr>\n<tr><td>17<\/td><td>07:48<\/td><td>09:42<\/td><td>11:36<\/td><td>13:30<\/td><td>15:24<\/td><td>17:18<\/td><td>19:12<\/td><td><\/td><\/tr>\n<tr><td>18<\/td><td>07:54<\/td><td>09:48<\/td><td>11:42<\/td><td>13:36<\/td><td>15:30<\/td><td>17:24<\/td><td>19:18<\/td><td><\/td><\/tr>\n<tr><td>19<\/td><td>08:00<\/td><td>09:54<\/td><td>11:48<\/td><td>13:42<\/td><td>15:36<\/td><td>17:30<\/td><td>19:24<\/td><td><\/td><\/tr>\n<\/tbody>\n<\/table>\n\n\n\n<h3 class=\"wp-block-heading\"><\/h3>\n\n\n\n<p><strong>34M3205 Cumartesi Sefer Saatleri \u2013 Karabekir, \u00c7akmak, Soyak Yeni\u015fehir Hatt\u0131<\/strong><\/p>\n\n\n\n<p>\u0130stanbul Anadolu Yakas\u0131\u2019nda hizmet veren&nbsp;<strong>34M3205<\/strong>&nbsp;numaral\u0131 minib\u00fcs hatt\u0131,&nbsp;<strong>Karabekir<\/strong>,&nbsp;<strong>\u00c7akmak<\/strong>&nbsp;ve&nbsp;<strong>Soyak Yeni\u015fehir<\/strong>mahalleleri aras\u0131nda ula\u015f\u0131m sa\u011flayan \u00f6nemli g\u00fczerg\u00e2hlardan biridir. Cumartesi g\u00fcnlerine \u00f6zel olarak d\u00fczenlenmi\u015f sefer saatleri ile b\u00f6lge halk\u0131n\u0131n toplu ta\u015f\u0131ma ihtiyac\u0131n\u0131 d\u00fczenli ve zaman\u0131nda kar\u015f\u0131lamaktad\u0131r.<\/p>\n\n\n\n<p>\ud83d\udd52 Sabah saat&nbsp;<strong>05:40<\/strong>\u2019tan ba\u015flayan seferler, gece&nbsp;<strong>20:36<\/strong>\u2019ya kadar devam eder. Yo\u011funluk saatlerine g\u00f6re 6-10 dakikal\u0131k aral\u0131klarla hizmet veren hat, \u00f6zellikle&nbsp;<strong>\u0130MES<\/strong>,&nbsp;<strong>Parseller<\/strong>,&nbsp;<strong>\u00dcmraniye<\/strong>,&nbsp;<strong>\u0130stanbul Finans Merkezi<\/strong>&nbsp;ve&nbsp;<strong>Ata\u015fehir<\/strong>&nbsp;y\u00f6n\u00fcne ula\u015fmak isteyen yolcular i\u00e7in ideal bir alternatiftir.<\/p>\n\n\n\n<p>\ud83d\udd01 Seferler boyunca&nbsp;<strong>g\u00fcnl\u00fck d\u00fczen<\/strong>,&nbsp;<strong>h\u0131zl\u0131 ula\u015f\u0131m<\/strong>&nbsp;ve&nbsp;<strong>s\u0131k kalk\u0131\u015f saatleri<\/strong>&nbsp;sayesinde hafta sonu ula\u015f\u0131m ihtiya\u00e7lar\u0131n\u0131z\u0131 kolayl\u0131kla kar\u015f\u0131layabilirsiniz.<\/p>\n\n\n\n<p><\/p>\n","protected":false},"excerpt":{"rendered":"<p>\ud83d\udccd C74 K. Karabekir \u2013 \u00c7akmak \u2013 Soyak Yeni\u015fehir (Cumartesi Listesi) 1 2 3 4 5 6 7 8 9 05:40 07:40 09:18 11:12 13:06 15:06 16:54 18:48 20:42 05:50 07:45 09:24 11:18 13:12 15:12 17:00 18:54 20:48 06:00 07:50 09:30 11:24 13:18 15:18 17:06 19:00 20:54 06:10 07:55 09:36 11:30 13:24 15:24 17:12 19:06 [&hellip;]<\/p>\n","protected":false},"author":1,"featured_media":0,"parent":0,"menu_order":0,"comment_status":"closed","ping_status":"closed","template":"","meta":{"_monsterinsights_skip_tracking":false,"_monsterinsights_sitenote_active":false,"_monsterinsights_sitenote_note":"","_monsterinsights_sitenote_category":0,"footnotes":""},"class_list":["post-3383","page","type-page","status-publish","hentry"],"aioseo_notices":[],"_links":{"self":[{"href":"https:\/\/www.umraniyeminibus.com\/index.php?rest_route=\/wp\/v2\/pages\/3383","targetHints":{"allow":["GET"]}}],"collection":[{"href":"https:\/\/www.umraniyeminibus.com\/index.php?rest_route=\/wp\/v2\/pages"}],"about":[{"href":"https:\/\/www.umraniyeminibus.com\/index.php?rest_route=\/wp\/v2\/types\/page"}],"author":[{"embeddable":true,"href":"https:\/\/www.umraniyeminibus.com\/index.php?rest_route=\/wp\/v2\/users\/1"}],"replies":[{"embeddable":true,"href":"https:\/\/www.umraniyeminibus.com\/index.php?rest_route=%2Fwp%2Fv2%2Fcomments&post=3383"}],"version-history":[{"count":1,"href":"https:\/\/www.umraniyeminibus.com\/index.php?rest_route=\/wp\/v2\/pages\/3383\/revisions"}],"predecessor-version":[{"id":3384,"href":"https:\/\/www.umraniyeminibus.com\/index.php?rest_route=\/wp\/v2\/pages\/3383\/revisions\/3384"}],"wp:attachment":[{"href":"https:\/\/www.umraniyeminibus.com\/index.php?rest_route=%2Fwp%2Fv2%2Fmedia&parent=3383"}],"curies":[{"name":"wp","href":"https:\/\/api.w.org\/{rel}","templated":true}]}}